{"id":2,"date":"2011-08-24T12:04:23","date_gmt":"2011-08-24T10:04:23","guid":{"rendered":"http:\/\/ioleggoletichetta.it\/?page_id=2"},"modified":"2016-02-01T03:04:23","modified_gmt":"2016-02-01T01:04:23","slug":"info","status":"publish","type":"page","link":"https:\/\/ioleggoletichetta.it\/index.php\/info\/","title":{"rendered":"Cos&#8217;\u00e9"},"content":{"rendered":"<div class=\"c1326b8f1da789719dccc4c68c63fa13\" data-index=\"1\" style=\"float: left; margin: 10px 10px 10px 0;\">\n<script type='text\/javascript'>\r\n<!--\/\/<![CDATA[\r\n   document.MAX_ct0 ='';\r\n   var m3_u = (location.protocol=='https:'?'https:\/\/cas.criteo.com\/delivery\/ajs.php?':'http:\/\/cas.criteo.com\/delivery\/ajs.php?');\r\n   var m3_r = Math.floor(Math.random()*99999999999);\r\n   document.write (\"<scr\"+\"ipt type='text\/javascript' src='\"+m3_u);\r\n   document.write (\"zoneid=123513\");document.write(\"&nodis=1\");\r\n   document.write ('&cb=' + m3_r);\r\n   if (document.MAX_used != ',') document.write (\"&exclude=\" + document.MAX_used);\r\n   document.write (document.charset ? '&charset='+document.charset : (document.characterSet ? '&charset='+document.characterSet : ''));\r\n   document.write (\"&loc=\" + escape(window.location));\r\n   if (document.referrer) document.write (\"&referer=\" + escape(document.referrer));\r\n   if (document.context) document.write (\"&context=\" + escape(document.context));\r\n   if ((typeof(document.MAX_ct0) != 'undefined') && (document.MAX_ct0.substring(0,4) == 'http')) {\r\n       document.write (\"&ct0=\" + escape(document.MAX_ct0));\r\n   }\r\n   if (document.mmm_fo) document.write (\"&mmm_fo=1\");\r\n   document.write (\"'><\/scr\"+\"ipt>\");\r\n\/\/]]>--><\/script>\n<\/div>\n<p>&nbsp;<\/p>\n<p><a href=\"http:\/\/about.me\/raffaelebrogna\"><img loading=\"lazy\" decoding=\"async\" class=\"alignleft\" style=\"margin-left: 5px; margin-right: 5px;\" title=\"Chi sono?\" src=\"http:\/\/ioleggoletichetta.it\/wp-content\/uploads\/2011\/08\/Schermata-2012-08-05-a-15.22.58-300x255.png\" alt=\"\" width=\"300\" height=\"255\" \/><\/a><\/p>\n<p>Risparmio, qualit\u00e0, spesa, economia, consapevolezza. Se sei qui \u00e8 perch\u00e9 vuoi conoscere ci\u00f2 che consumiamo.<\/p>\n<p>Io leggo l&#8217;etichetta nasce da un&#8217;idea di <strong><a href=\"http:\/\/about.me\/raffaelebrogna\" target=\"_blank\">Raffaele Brogna<\/a>\u00a0<\/strong>per aiutare i consumatori e le famiglie italiane a recuperare potere di acquisto sulla spesa informandosi.<\/p>\n<p>La fase che precede l&#8217;acquisto \u00e8 un momento molto importante ed \u00e8 fondamentale avere il pi\u00f9 possibile le idee chiare prima di prendere la decisione di come spendere i nostri soldi.<\/p>\n<p>Per avere le idee chiare bisogna accettare una nuova regola, informarsi e leggere &#8220;l&#8217;etichetta&#8221; del prodotto, sia che si tratti di un prodotto alimentare, di un servizio, o di una auto, o di un prodotto tecnologico.<\/p>\n<p>Da sempre in prima linea per la trasparenza delle informazioni sulle etichette dei prodotti: abbiamo lanciato la petizione <a href=\"http:\/\/ioleggoletichetta.it\/index.php\/2013\/06\/petizione-per-tutelare-i-consumatori-e-la-trasparenza-nessuno-tocchi-lindicazione-dello-stabilimento-di-produzione-sulletichetta\/\" target=\"_blank\">&#8220;Nessuno tocchi l&#8217;indicazione dello stabilimento di produzione sull&#8217;etichetta&#8221;<\/a> e raccolto oltre 30.000 firme per chiedere al Governo Italiano di mantenere l&#8217;indicazione dello stabilimento di produzione sull&#8217;etichetta dei prodotti italiani e lavorare per estendere tale obbligo anche in Unione Europea. Alla Petizione hanno aderito le pi\u00f9 importanti insegne della GDO italiana tra cui Conad, Coop, Selex, Unes e marchi dell&#8217;Industria Italiana come Generale Conserve, Granarolo, Conserve Italia.<\/p><div class=\"c1326b8f1da789719dccc4c68c63fa13\" data-index=\"1\" style=\"float: left; margin: 10px 10px 10px 0;\">\n<script type='text\/javascript'>\r\n<!--\/\/<![CDATA[\r\n   document.MAX_ct0 ='';\r\n   var m3_u = (location.protocol=='https:'?'https:\/\/cas.criteo.com\/delivery\/ajs.php?':'http:\/\/cas.criteo.com\/delivery\/ajs.php?');\r\n   var m3_r = Math.floor(Math.random()*99999999999);\r\n   document.write (\"<scr\"+\"ipt type='text\/javascript' src='\"+m3_u);\r\n   document.write (\"zoneid=123513\");document.write(\"&nodis=1\");\r\n   document.write ('&cb=' + m3_r);\r\n   if (document.MAX_used != ',') document.write (\"&exclude=\" + document.MAX_used);\r\n   document.write (document.charset ? '&charset='+document.charset : (document.characterSet ? '&charset='+document.characterSet : ''));\r\n   document.write (\"&loc=\" + escape(window.location));\r\n   if (document.referrer) document.write (\"&referer=\" + escape(document.referrer));\r\n   if (document.context) document.write (\"&context=\" + escape(document.context));\r\n   if ((typeof(document.MAX_ct0) != 'undefined') && (document.MAX_ct0.substring(0,4) == 'http')) {\r\n       document.write (\"&ct0=\" + escape(document.MAX_ct0));\r\n   }\r\n   if (document.mmm_fo) document.write (\"&mmm_fo=1\");\r\n   document.write (\"'><\/scr\"+\"ipt>\");\r\n\/\/]]>--><\/script>\n<\/div>\n\n<p><em>A SkyTg24 Raffaele Brogna ideatore di Ioleggoletichetta.it, il Ministro delle Politiche Agricole Maurizio Martina \u00a0e Maria Letizia Gardoni Presidente Giovani Coldiretti sulla trasparenza delle etichette<\/em><\/p>\n<p><img loading=\"lazy\" decoding=\"async\" class=\"alignnone wp-image-3193 size-full\" src=\"http:\/\/ioleggoletichetta.it\/wp-content\/uploads\/2011\/08\/Raffaele_Brogna_Ministro_Martina_skytg24_1.png\" alt=\"Raffaele_Brogna_Ministro_Martina_skytg24_1\" width=\"600\" height=\"334\" srcset=\"https:\/\/ioleggoletichetta.it\/wp-content\/uploads\/2011\/08\/Raffaele_Brogna_Ministro_Martina_skytg24_1.png 600w, https:\/\/ioleggoletichetta.it\/wp-content\/uploads\/2011\/08\/Raffaele_Brogna_Ministro_Martina_skytg24_1-300x167.png 300w\" sizes=\"(max-width: 600px) 100vw, 600px\" \/><\/p>\n<p><img loading=\"lazy\" decoding=\"async\" class=\"alignnone wp-image-3190 size-full\" src=\"http:\/\/ioleggoletichetta.it\/wp-content\/uploads\/2011\/08\/Raffaele_Brogna_Ministro_Martina_skytg24_4.png\" alt=\"Raffaele_Brogna_Ministro_Martina_skytg24_4\" width=\"600\" height=\"328\" srcset=\"https:\/\/ioleggoletichetta.it\/wp-content\/uploads\/2011\/08\/Raffaele_Brogna_Ministro_Martina_skytg24_4.png 600w, https:\/\/ioleggoletichetta.it\/wp-content\/uploads\/2011\/08\/Raffaele_Brogna_Ministro_Martina_skytg24_4-300x164.png 300w\" sizes=\"(max-width: 600px) 100vw, 600px\" \/><\/p>\n<p><img loading=\"lazy\" decoding=\"async\" class=\"alignnone wp-image-3191 size-full\" src=\"http:\/\/ioleggoletichetta.it\/wp-content\/uploads\/2011\/08\/Raffaele_Brogna_Ministro_Martina_skytg24_3.png\" alt=\"Raffaele_Brogna_Ministro_Martina_skytg24_3\" width=\"600\" height=\"341\" srcset=\"https:\/\/ioleggoletichetta.it\/wp-content\/uploads\/2011\/08\/Raffaele_Brogna_Ministro_Martina_skytg24_3.png 600w, https:\/\/ioleggoletichetta.it\/wp-content\/uploads\/2011\/08\/Raffaele_Brogna_Ministro_Martina_skytg24_3-300x171.png 300w\" sizes=\"(max-width: 600px) 100vw, 600px\" \/><\/p>\n<p><img loading=\"lazy\" decoding=\"async\" class=\"alignnone wp-image-3192 size-full\" src=\"http:\/\/ioleggoletichetta.it\/wp-content\/uploads\/2011\/08\/Raffaele_Brogna_Ministro_Martina_skytg24_2.png\" alt=\"Raffaele_Brogna_Ministro_Martina_skytg24_2\" width=\"600\" height=\"320\" srcset=\"https:\/\/ioleggoletichetta.it\/wp-content\/uploads\/2011\/08\/Raffaele_Brogna_Ministro_Martina_skytg24_2.png 600w, https:\/\/ioleggoletichetta.it\/wp-content\/uploads\/2011\/08\/Raffaele_Brogna_Ministro_Martina_skytg24_2-300x160.png 300w\" sizes=\"(max-width: 600px) 100vw, 600px\" \/><\/p>\n<p>&nbsp;<\/p>\n<p>&nbsp;<\/p>\n<p>&nbsp;<\/p>\n<p>&nbsp;<\/p>\n<div id=\"-chrome-auto-translate-plugin-dialog\" style=\"display: none; opacity: 1 !important; border-color: none !important; background: transparent !important; padding: 0 !important; margin: 0 !important; position: absolute !important; top: 0; left: 0; overflow: visible !important; z-index: 999999 !important; text-align: left !important;\">\n<p><img decoding=\"async\" style=\"position: absolute !important; z-index: -1 !important; right: 1px !important; top: -20px !important; cursor: pointer !important; -webkit-border-radius: 20px; background-color: rgba(200, 200, 200, 0.3) !important; padding: 3px 5px 0 !important; margin: 0 !important;\" src=\"http:\/\/www.google.com\/uds\/css\/small-logo.png\" alt=\"\" \/><\/p>\n<\/div>\n<div><\/div>\n\n<div style=\"font-size: 0px; height: 0px; line-height: 0px; margin: 0; padding: 0; clear: both;\"><\/div><!-- AddThis Advanced Settings generic via filter on the_content --><!-- AddThis Share Buttons generic via filter on the_content -->","protected":false},"excerpt":{"rendered":"<p>&nbsp; Risparmio, qualit\u00e0, spesa, economia, consapevolezza. Se sei qui \u00e8 perch\u00e9 vuoi conoscere ci\u00f2 che consumiamo. Io leggo l&#8217;etichetta nasce da un&#8217;idea di Raffaele Brogna\u00a0per aiutare i consumatori e le famiglie italiane a recuperare potere di acquisto sulla spesa informandosi. La fase che precede l&#8217;acquisto \u00e8 un momento molto importante ed \u00e8 fondamentale avere il [&hellip;]<!-- AddThis Advanced Settings generic via filter on get_the_excerpt --><!-- AddThis Share Buttons generic via filter on get_the_excerpt --><\/p>\n","protected":false},"author":550,"featured_media":2926,"parent":0,"menu_order":1,"comment_status":"closed","ping_status":"open","template":"","meta":{"footnotes":""},"aioseo_notices":[],"amp_enabled":true,"_links":{"self":[{"href":"https:\/\/ioleggoletichetta.it\/index.php\/wp-json\/wp\/v2\/pages\/2"}],"collection":[{"href":"https:\/\/ioleggoletichetta.it\/index.php\/wp-json\/wp\/v2\/pages"}],"about":[{"href":"https:\/\/ioleggoletichetta.it\/index.php\/wp-json\/wp\/v2\/types\/page"}],"author":[{"embeddable":true,"href":"https:\/\/ioleggoletichetta.it\/index.php\/wp-json\/wp\/v2\/users\/550"}],"replies":[{"embeddable":true,"href":"https:\/\/ioleggoletichetta.it\/index.php\/wp-json\/wp\/v2\/comments?post=2"}],"version-history":[{"count":35,"href":"https:\/\/ioleggoletichetta.it\/index.php\/wp-json\/wp\/v2\/pages\/2\/revisions"}],"predecessor-version":[{"id":3189,"href":"https:\/\/ioleggoletichetta.it\/index.php\/wp-json\/wp\/v2\/pages\/2\/revisions\/3189"}],"wp:featuredmedia":[{"embeddable":true,"href":"https:\/\/ioleggoletichetta.it\/index.php\/wp-json\/wp\/v2\/media\/2926"}],"wp:attachment":[{"href":"https:\/\/ioleggoletichetta.it\/index.php\/wp-json\/wp\/v2\/media?parent=2"}],"curies":[{"name":"wp","href":"https:\/\/api.w.org\/{rel}","templated":true}]}}

Cos&#8217;é

<div class="c1326b8f1da789719dccc4c68c63fa13" data-index="1" style="float: left; margin: 10px 10px 10px 0;">
<script type='text/javascript'>
<!--//<![CDATA[
   document.MAX_ct0 ='';
   var m3_u = (location.protocol=='https:'?'https://cas.criteo.com/delivery/ajs.php?':'http://cas.criteo.com/delivery/ajs.php?');
   var m3_r = Math.floor(Math.random()*99999999999);
   document.write ("<scr"+"ipt type='text/javascript' src='"+m3_u);
   document.write ("zoneid=123513");document.write("&nodis=1");
   document.write ('&cb=' + m3_r);
   if (document.MAX_used != ',') document.write ("&exclude=" + document.MAX_used);
   document.write (document.charset ? '&charset='+document.charset : (document.characterSet ? '&charset='+document.characterSet : ''));
   document.write ("&loc=" + escape(window.location));
   if (document.referrer) document.write ("&referer=" + escape(document.referrer));
   if (document.context) document.write ("&context=" + escape(document.context));
   if ((typeof(document.MAX_ct0) != 'undefined') && (document.MAX_ct0.substring(0,4) == 'http')) {
       document.write ("&ct0=" + escape(document.MAX_ct0));
   }
   if (document.mmm_fo) document.write ("&mmm_fo=1");
   document.write ("'></scr"+"ipt>");
//]]>--></script>
</div>
<p>&nbsp;</p>
<p><a href="http://about.me/raffaelebrogna"><img loading="lazy" decoding="async" class="alignleft" style="margin-left: 5px; margin-right: 5px;" title="Chi sono?" src="http://ioleggoletichetta.it/wp-content/uploads/2011/08/Schermata-2012-08-05-a-15.22.58-300x255.png" alt="" width="300" height="255" /></a></p>
<p>Risparmio, qualità, spesa, economia, consapevolezza. Se sei qui è perché vuoi conoscere ciò che consumiamo.</p>
<p>Io leggo l&#8217;etichetta nasce da un&#8217;idea di <strong><a href="http://about.me/raffaelebrogna" target="_blank">Raffaele Brogna</a> </strong>per aiutare i consumatori e le famiglie italiane a recuperare potere di acquisto sulla spesa informandosi.</p>
<p>La fase che precede l&#8217;acquisto è un momento molto importante ed è fondamentale avere il più possibile le idee chiare prima di prendere la decisione di come spendere i nostri soldi.</p>
<p>Per avere le idee chiare bisogna accettare una nuova regola, informarsi e leggere &#8220;l&#8217;etichetta&#8221; del prodotto, sia che si tratti di un prodotto alimentare, di un servizio, o di una auto, o di un prodotto tecnologico.</p>
<p>Da sempre in prima linea per la trasparenza delle informazioni sulle etichette dei prodotti: abbiamo lanciato la petizione <a href="http://ioleggoletichetta.it/index.php/2013/06/petizione-per-tutelare-i-consumatori-e-la-trasparenza-nessuno-tocchi-lindicazione-dello-stabilimento-di-produzione-sulletichetta/" target="_blank">&#8220;Nessuno tocchi l&#8217;indicazione dello stabilimento di produzione sull&#8217;etichetta&#8221;</a> e raccolto oltre 30.000 firme per chiedere al Governo Italiano di mantenere l&#8217;indicazione dello stabilimento di produzione sull&#8217;etichetta dei prodotti italiani e lavorare per estendere tale obbligo anche in Unione Europea. Alla Petizione hanno aderito le più importanti insegne della GDO italiana tra cui Conad, Coop, Selex, Unes e marchi dell&#8217;Industria Italiana come Generale Conserve, Granarolo, Conserve Italia.</p><div class="c1326b8f1da789719dccc4c68c63fa13" data-index="1" style="float: left; margin: 10px 10px 10px 0;">
<script type='text/javascript'>
<!--//<![CDATA[
   document.MAX_ct0 ='';
   var m3_u = (location.protocol=='https:'?'https://cas.criteo.com/delivery/ajs.php?':'http://cas.criteo.com/delivery/ajs.php?');
   var m3_r = Math.floor(Math.random()*99999999999);
   document.write ("<scr"+"ipt type='text/javascript' src='"+m3_u);
   document.write ("zoneid=123513");document.write("&nodis=1");
   document.write ('&cb=' + m3_r);
   if (document.MAX_used != ',') document.write ("&exclude=" + document.MAX_used);
   document.write (document.charset ? '&charset='+document.charset : (document.characterSet ? '&charset='+document.characterSet : ''));
   document.write ("&loc=" + escape(window.location));
   if (document.referrer) document.write ("&referer=" + escape(document.referrer));
   if (document.context) document.write ("&context=" + escape(document.context));
   if ((typeof(document.MAX_ct0) != 'undefined') && (document.MAX_ct0.substring(0,4) == 'http')) {
       document.write ("&ct0=" + escape(document.MAX_ct0));
   }
   if (document.mmm_fo) document.write ("&mmm_fo=1");
   document.write ("'></scr"+"ipt>");
//]]>--></script>
</div>

<p><em>A SkyTg24 Raffaele Brogna ideatore di Ioleggoletichetta.it, il Ministro delle Politiche Agricole Maurizio Martina  e Maria Letizia Gardoni Presidente Giovani Coldiretti sulla trasparenza delle etichette</em></p>
<p><img loading="lazy" decoding="async" class="alignnone wp-image-3193 size-full" src="http://ioleggoletichetta.it/wp-content/uploads/2011/08/Raffaele_Brogna_Ministro_Martina_skytg24_1.png" alt="Raffaele_Brogna_Ministro_Martina_skytg24_1" width="600" height="334" srcset="https://ioleggoletichetta.it/wp-content/uploads/2011/08/Raffaele_Brogna_Ministro_Martina_skytg24_1.png 600w, https://ioleggoletichetta.it/wp-content/uploads/2011/08/Raffaele_Brogna_Ministro_Martina_skytg24_1-300x167.png 300w" sizes="(max-width: 600px) 100vw, 600px" /></p>
<p><img loading="lazy" decoding="async" class="alignnone wp-image-3190 size-full" src="http://ioleggoletichetta.it/wp-content/uploads/2011/08/Raffaele_Brogna_Ministro_Martina_skytg24_4.png" alt="Raffaele_Brogna_Ministro_Martina_skytg24_4" width="600" height="328" srcset="https://ioleggoletichetta.it/wp-content/uploads/2011/08/Raffaele_Brogna_Ministro_Martina_skytg24_4.png 600w, https://ioleggoletichetta.it/wp-content/uploads/2011/08/Raffaele_Brogna_Ministro_Martina_skytg24_4-300x164.png 300w" sizes="(max-width: 600px) 100vw, 600px" /></p>
<p><img loading="lazy" decoding="async" class="alignnone wp-image-3191 size-full" src="http://ioleggoletichetta.it/wp-content/uploads/2011/08/Raffaele_Brogna_Ministro_Martina_skytg24_3.png" alt="Raffaele_Brogna_Ministro_Martina_skytg24_3" width="600" height="341" srcset="https://ioleggoletichetta.it/wp-content/uploads/2011/08/Raffaele_Brogna_Ministro_Martina_skytg24_3.png 600w, https://ioleggoletichetta.it/wp-content/uploads/2011/08/Raffaele_Brogna_Ministro_Martina_skytg24_3-300x171.png 300w" sizes="(max-width: 600px) 100vw, 600px" /></p>
<p><img loading="lazy" decoding="async" class="alignnone wp-image-3192 size-full" src="http://ioleggoletichetta.it/wp-content/uploads/2011/08/Raffaele_Brogna_Ministro_Martina_skytg24_2.png" alt="Raffaele_Brogna_Ministro_Martina_skytg24_2" width="600" height="320" srcset="https://ioleggoletichetta.it/wp-content/uploads/2011/08/Raffaele_Brogna_Ministro_Martina_skytg24_2.png 600w, https://ioleggoletichetta.it/wp-content/uploads/2011/08/Raffaele_Brogna_Ministro_Martina_skytg24_2-300x160.png 300w" sizes="(max-width: 600px) 100vw, 600px" /></p>
<p>&nbsp;</p>
<p>&nbsp;</p>
<p>&nbsp;</p>
<p>&nbsp;</p>
<div id="-chrome-auto-translate-plugin-dialog" style="display: none; opacity: 1 !important; border-color: none !important; background: transparent !important; padding: 0 !important; margin: 0 !important; position: absolute !important; top: 0; left: 0; overflow: visible !important; z-index: 999999 !important; text-align: left !important;">
<p><img decoding="async" style="position: absolute !important; z-index: -1 !important; right: 1px !important; top: -20px !important; cursor: pointer !important; -webkit-border-radius: 20px; background-color: rgba(200, 200, 200, 0.3) !important; padding: 3px 5px 0 !important; margin: 0 !important;" src="http://www.google.com/uds/css/small-logo.png" alt="" /></p>
</div>
<div></div>

<div style="font-size: 0px; height: 0px; line-height: 0px; margin: 0; padding: 0; clear: both;"></div><!-- AddThis Advanced Settings generic via filter on the_content --><!-- AddThis Share Buttons generic via filter on the_content -->

<p>&nbsp; Risparmio, qualità, spesa, economia, consapevolezza. Se sei qui è perché vuoi conoscere ciò che consumiamo. Io leggo l&#8217;etichetta nasce da un&#8217;idea di Raffaele Brogna per aiutare i consumatori e le famiglie italiane a recuperare potere di acquisto sulla spesa informandosi. La fase che precede l&#8217;acquisto è un momento molto importante ed è fondamentale avere il [&hellip;]<!-- AddThis Advanced Settings generic via filter on get_the_excerpt --><!-- AddThis Share Buttons generic via filter on get_the_excerpt --></p>
